{"id":11,"date":"2015-12-06T20:18:24","date_gmt":"2015-12-06T20:18:24","guid":{"rendered":"http:\/\/localhost:8888\/abnetworksa.com\/?page_id=11"},"modified":"2020-11-16T09:24:33","modified_gmt":"2020-11-16T14:24:33","slug":"acerca","status":"publish","type":"page","link":"https:\/\/abnetworksa.com\/?page_id=11","title":{"rendered":"Acerca"},"content":{"rendered":"<p>AB Network, es una empresa de capital paname\u00f1o que nace para brindar soluciones tecnol\u00f3gicas de alto desempe\u00f1o en cuatro \u00e1reas de relevancia de los servicios de c\u00f3mputo de actualidad.<\/p>\n<p>Estamos ubicados en el International Business Park en Panam\u00e1 Pac\u00edfico, el sitio ideal para centros de datos y telecomunicaciones. Panam\u00e1 Pac\u00edfico se ha convertido r\u00e1pidamente en un vital centro de negocios y un centro log\u00edstico de clase mundial. Edificios dise\u00f1ados por Ware Malcomb y Wakefield Beasley &amp; Associates y construidos bajo los m\u00e1s estrictos est\u00e1ndares de desarrollo internacional.<\/p>\n<p>Ofrecemos las herramientas necesarias para mantener tu informaci\u00f3n disponible y segura desde la nube, Servicios de centro de datos, monitoreo, servicios de Cloud y Centro de llamadas. Cada uno de estos productos compone un pilar fundamental en la cartera de servicios que ofrecemos. Software as a Service (SaaS), Infrastructure as a Service (IaaS), Backup as a Service (BaaS), Back Up Site, monitoreo de aplicaciones e infraestructura y servicios de administraci\u00f3n de llamadas son algunos que destacan dentro del portafolio de AB Network, S.A.<\/p>\n<p>Para soportar de manera confiable cada uno de los servicios que brindamos a nuestros clientes, contamos con un centro de datos propio de alto nivel, topolog\u00eda TIER II, construido en una localidad de alto perfil tecnol\u00f3gico, la cual cuenta con la capacidad y facilidades para proveer a nuestros clientes de un sitio seguro donde alojar las operaciones tecnol\u00f3gicas que componen el n\u00facleo de su negocio.<\/p>\n<p>Como valor agregado mantenemos alianzas con centros de datos en el exterior, con la intenci\u00f3n de brindar un grado a\u00fan mayor de disponibilidad de la informaci\u00f3n manejada. En esta misma l\u00ednea, importantes casas de software han realizado alianzas con empresas del grupo, lo que permite ofrecer a nuestros clientes una amplia gama de soluciones a nivel de software, con la calidad y confianza que s\u00f3lo puede darles un distribuidor autorizado.<\/p>\n<p style=\"text-align: center;\"><strong>POL\u00cdTICA DE CALIDAD<\/strong><\/p>\n<p>En AB Network S.A. generamos soluciones de servicios de centro de datos, con confiabilidad, seguridad y eficacia, garantizando un producto \/ servicio de calidad, un soporte t\u00e9cnico de alto nivel y la mejor experiencia y satisfacci\u00f3n de nuestros Clientes y partes interesadas, a trav\u00e9s de procesos estandarizados, con personal capacitado, competente y totalmente involucrado en la consecuci\u00f3n de los objetivos de la empresa. Para ello, impulsamos el desarrollo de nuestro equipo humano, contamos con un mejoramiento continuo de nuestro sistema de gesti\u00f3n y el cumplimiento de los est\u00e1ndares de calidad, los requisitos legales y otros aplicables.<\/p>\n","protected":false},"excerpt":{"rendered":"<p>AB Network, es una empresa de capital paname\u00f1o que nace para brindar soluciones tecnol\u00f3gicas de alto desempe\u00f1o en cuatro \u00e1reas de relevancia de los servicios de c\u00f3mputo de actualidad. Estamos ubicados en el International Business Park en Panam\u00e1 Pac\u00edfico, el sitio ideal para centros de datos y telecomunicaciones. Panam\u00e1 Pac\u00edfico se ha convertido r\u00e1pidamente en &hellip; <a href=\"https:\/\/abnetworksa.com\/?page_id=11\">Continued<\/a><\/p>\n","protected":false},"author":1,"featured_media":118,"parent":0,"menu_order":0,"comment_status":"closed","ping_status":"closed","template":"template-acerca.php","meta":{"om_disable_all_campaigns":false,"_monsterinsights_skip_tracking":false,"_monsterinsights_sitenote_active":false,"_monsterinsights_sitenote_note":"","_monsterinsights_sitenote_category":0,"_uf_show_specific_survey":0,"_uf_disable_surveys":false,"footnotes":""},"aioseo_notices":[],"_links":{"self":[{"href":"https:\/\/abnetworksa.com\/index.php?rest_route=\/wp\/v2\/pages\/11"}],"collection":[{"href":"https:\/\/abnetworksa.com\/index.php?rest_route=\/wp\/v2\/pages"}],"about":[{"href":"https:\/\/abnetworksa.com\/index.php?rest_route=\/wp\/v2\/types\/page"}],"author":[{"embeddable":true,"href":"https:\/\/abnetworksa.com\/index.php?rest_route=\/wp\/v2\/users\/1"}],"replies":[{"embeddable":true,"href":"https:\/\/abnetworksa.com\/index.php?rest_route=%2Fwp%2Fv2%2Fcomments&post=11"}],"version-history":[{"count":16,"href":"https:\/\/abnetworksa.com\/index.php?rest_route=\/wp\/v2\/pages\/11\/revisions"}],"predecessor-version":[{"id":683,"href":"https:\/\/abnetworksa.com\/index.php?rest_route=\/wp\/v2\/pages\/11\/revisions\/683"}],"wp:featuredmedia":[{"embeddable":true,"href":"https:\/\/abnetworksa.com\/index.php?rest_route=\/wp\/v2\/media\/118"}],"wp:attachment":[{"href":"https:\/\/abnetworksa.com\/index.php?rest_route=%2Fwp%2Fv2%2Fmedia&parent=11"}],"curies":[{"name":"wp","href":"https:\/\/api.w.org\/{rel}","templated":true}]}}